-12). Suppose 0*g + 6 = -3*g, n*l + 5*g + 605 = 0. Let y = 335 + l. What is the greatest common divisor of 24 and y?
24
Let u be (-1 - 11)*20/(-6). Suppose -8*q + 152 = -0*q. Let s be (-10)/4*(-152)/q. Calculate the greatest common factor of u and s.
20
Let h = -4 + 102. Calculate the greatest common factor of 28 and h.
14
Suppose -3*t - 5*g = -365, 24*t - 22*t - 245 = -5*g. What is the highest common divisor of t and 45?
15
Let x be 57/570 + 357/30. Let w(t) = 21*t**2 + t + 2. Let d be w(-2). Calculate the highest common factor of x and d.
12
Let z(d) = -12 - 19 + 23 + d**3 - 2*d**2 - 9*d + 5*d**2. Let r be z(-6). Let t = 90 + r. Calculate the highest common divisor of t and 308.
28
Let u be 0/19 + (2 - -1) - 111. Let v = -104 - u. What is the greatest common divisor of 44 and v?
4
Suppose -89 = -5*a + 141. Let l = -1 + a. Suppose 0 = -i - 4*i + 90. What is the highest common factor of l and i?
9
Suppose 5*h + 110 = 180. Calculate the highest common divisor of 154 and h.
14
Suppose -4*c = 6 - 74. Let h = -13 + c. Suppose -4*a - 49 = -3*f, 4*f - 56 = -0*f - h*a. Calculate the highest common factor of 10 and f.
5
Let v(y) = -10*y**3 + 2*y + 2. Suppose 0 = -5*a - 0*a. Let m be (a/1)/4 + -2. Let t be v(m). Calculate the greatest common factor of t and 13.
13
Suppose -2*f = -7*f + 275. Let d = f - 15. Suppose 3*i + 1 = d. Calculate the greatest common divisor of i and 117.
13
Let l be (-584)/(-24) + -6 - 1/3. What is the greatest common factor of l and 33?
3
Suppose -285*m = -290*m + 700. What is the greatest common divisor of m and 56?
28
Let b(s) = -s**2 - 5*s + 14. Let r be b(-7). Suppose r = -w - 21 - 15. Let t be (-126)/4*w/54. Calculate the greatest common divisor of 7 and t.
7
Let k = -268 + 298. What is the highest common factor of 195 and k?
15
Let k = -22 - -71. Suppose -5*o + 169 = k. Suppose -2*c = -6*c + 12. Calculate the highest common factor of o and c.
3
Let u = 60 - 33. Suppose -5*v + 90 = b, 0*v - v = 2*b - u. What is the greatest common factor of v and 51?
17
Let y = 4 + 2. Suppose -2*j = 3*j - 5*p + 20, 0 = -j - p + y. Calculate the greatest common divisor of j and 2.
1
Let b = -470 + 495. What is the greatest common divisor of 625 and b?
25
Let f = -51 - -41. Let k be (-336)/(-35) - 4/f. Calculate the highest common divisor of k and 25.
5
Let w be (-904)/(-18) - (-28)/(-126). Let u = -86 + 46. Let o be u/(2/((-2)/2)). What is the highest common factor of o and w?
10
Let o = -28 + 55. What is the greatest common factor of o and 126?
9
Let n = -913 - -1102. What is the highest common factor of 63 and n?
63
Suppose c + 19 - 48 = 0. What is the greatest common factor of c and 1943?
29
Suppose -2*v = 2*v - 236. Let l = v + 241. Calculate the greatest common factor of 50 and l.
50
Let r be 0*4*4/32. Suppose 5*s - 173 - 377 = r. Calculate the greatest common divisor of s and 22.
22
Suppose 4*a - 219 = 2*a - 5*v, 4*a - 471 = v. Calculate the highest common factor of 78 and a.
39
Let y be (-1)/(-4) - 43236/(-96)*2. Calculate the highest common factor of 17 and y.
17
Let n be (-1)/3*(4 + -4). Suppose -4*b + 63 + 21 = n. Let f be (b/(-14))/(3/(-22)). What is the highest common factor of 22 and f?
11
Suppose -2*a + 204 = 5*f + 108, 3*f = -3*a + 144. Calculate the greatest common factor of 33 and a.
3
Let j = -562 + 566. Suppose -2*o - 2*o + 16 = 0. Let h be (6/o)/(9/168). Calculate the highest common factor of j and h.
4
Let v = -420 - -622. Let b = -132 + v. Suppose -24 = -3*n - 4*c + 22, -4*n = -4*c - 52. Calculate the highest common factor of b and n.
14
Let a(c) = -c**2 + 2*c. Let b be a(2). Let n(z) = z**3 - 2*z**2 - z + 35. Let k be n(b). Calculate the highest common divisor of k and 7.
7
Suppose -78 = -a + 3*a. Let z be 8/40 - a/5. Calculate the greatest common factor of z and 72.
8
Let k(m) = m**3 + 5*m**2 + m + 7. Let c be k(-5). Suppose c*d + 3*g + 2*g - 93 = 0, -3*g - 121 = -4*d. Calculate the greatest common factor of 85 and d.
17
Let x = 25 - 23. Suppose 4*r - x*t = 38, t + 55 = 5*r - 0*t. Let b be 10*(-21)/(-6) + 1. Calculate the highest common factor of b and r.
12
Suppose 0 = 6*u + 3 - 15. Let p be 2*1*(4 - u). Suppose p*g - m - 120 = 0, -120 = -4*g - 0*g + 5*m. Calculate the greatest common factor of 10 and g.
10
Suppose -80 = -706*k + 696*k. Calculate the greatest common divisor of 536 and k.
8
Let y(j) = -42*j + 53. Let h(r) = 43*r - 54. Let p(b) = -5*h(b) - 6*y(b). Let i be p(4). Calculate the highest common divisor of i and 60.
20
Suppose 117 = 8*p - 491. What is the highest common factor of 190 and p?
38
Let x(b) = -5*b + 1. Let q be x(1). Let d be q*2/8*-5. Suppose -2*p = -d*p + 18. What is the greatest common factor of p and 9?
3
Suppose 0 = 5*c - 4*u + 15, 13 = -3*c + 2*u + 4. Let d be (-350)/c*33/22. What is the greatest common factor of d and 25?
25
Let a be (-16)/(-3)*(-6)/(-4). Let s(j) = -j**2 - 21*j - 26. Let u = -46 - -40. Let y be s(u). What is the highest common divisor of y and a?
8
Suppose p + 7*p = 256. Suppose -3*l + 58 = -p. What is the greatest common factor of 135 and l?
15
Let f(k) = -k**2 + 9*k + 47. Let b be ((-22)/4)/((30/12)/(-5)). Let z be f(b). Calculate the greatest common divisor of z and 15.
5
Suppose 8*y + 2 = 2. Suppose -5*u = t - 49, 17 = 2*u - y*u + 3*t. What is the greatest common factor of u and 130?
10
Let r be 26/(25/90*(-15)/(-50)). Calculate the greatest common divisor of r and 8.
8
Suppose 2*k + 5*t - 20 = 0, 0*k + k - 8 = -2*t. Suppose -2*p + 29 + 79 = k. Calculate the greatest common factor of 36 and p.
18
Let j = 890 - 894. Suppose -5*h + 160 = 2*n, 2*n + 3*n + 93 = 2*h. Let c be 1037/h + (-2)/j. What is the greatest common divisor of c and 31?
31
Let r(j) = -j**2 - j + 110. Let o be r(0). Suppose o = 5*l - 3*l. Calculate the highest common divisor of 605 and l.
55
Let s be 697/5 + (-7)/((-35)/(-2)). Suppose -5*z + s + 301 = 0. What is the highest common divisor of 22 and z?
22
Suppose -127 + 357 = 10*g. What is the highest common divisor of 184 and g?
23
Suppose -2*f + 0 - 18 = 0. Let p(j) = 2*j**2 + 12*j - 9. Let g be p(f). What is the highest common factor of g and 180?
45
Suppose 0 = 2*h - 4*n - 28 - 26, 5*n = 2*h - 54. Let z = h + -6. Calculate the highest common divisor of z and 7.
7
Let t = -22 + 31. Let a(v) = -2*v + 4. Let m be a(0). Suppose 5*h - 127 = m*o, 0*h + 3*o = -h + 33. Calculate the greatest common factor of h and t.
9
Let g be 2 - (4 - -1) - -30. Let c = g - 25. What is the highest common divisor of 16 and c?
2
Suppose -2*d - 88 = -2*n - 2*n, 205 = -5*d + 5*n. Let x = d - -46. Calculate the highest common divisor of x and 28.
4
Let s = -17 - -24. Suppose -4*j - 3*h = -129, -2*h + s*h + 205 = 5*j. What is the highest common divisor of j and 12?
12
Let s = -193 - -224. Suppose 3*a - 279 = 2*a. What is the highest common factor of s and a?
31
Suppose -i + 16 = 3*u, -i + 3*u + 16 = -0*u. Calculate the greatest common factor of 64 and i.
16
Suppose -5*a + 36 = 5*k - 19, -a = -k - 11. Let m = -15 - -81. What is the highest common divisor of a and m?
11
Let n(y) = -y**3 - 19*y**2 - 45*y + 42. Let l be n(-20). What is the greatest common divisor of 22 and l?
22
Let r be 3*3*(-80)/(-6). Let q = -29 - -28. Let b be q/(0 - 4/192). What is the highest common factor of b and r?
24
Let u = 103 - -32. Let f(q) = -4*q - 22. Let l be f(-28). What is the highest common factor of u and l?
45
Suppose 7*m = 5*m + 22. Let g = -11 + m. Suppose 0 = 3*x - 5*s - 151, 2*s - 6 + 16 = g. What is the greatest common divisor of 6 and x?
6
Let a be -1 + 126/(-21) - 46/(-2). Calculate the greatest common divisor of a and 216.
8
Let m = 422 + -234. What is the highest common factor of 141 and m?
47
Suppose 0 = -5*s + 3*n + 74 - 4, -n - 5 = 0. Let p be 2*(99/(-6))/(-3). What is the highest common factor of p and s?
11
Let g be ((-4)/(-8))/(0 + 9/1512). What is the highest common factor of 798 and g?
42
Suppose -94 = -o - 2*u, 4*o - 4*u + 122 - 558 = 0. Calculate the greatest common factor of 182 and o.
26
Let g(h) = h**3 + 13*h**2 + 10*h - 15. Let i be g(-12). Let v be (-2)/(-3) + 714/i. What is the greatest common divisor of 30 and v?
10
Suppose -37*q + 750 + 1655 = 0. Calculate the greatest common divisor of 52 and q.
13
Let m be 833/63 - 6/27. Suppose -2*n = -2*p + p - 4, 2*p = 2*n